{"id":1249,"date":"2020-09-02T15:55:34","date_gmt":"2020-09-02T13:55:34","guid":{"rendered":"http:\/\/server10.servermdz.pro\/chu\/?page_id=1249"},"modified":"2020-11-30T15:30:21","modified_gmt":"2020-11-30T14:30:21","slug":"valeurs","status":"publish","type":"page","link":"https:\/\/chuibnrochd.ma\/?page_id=1249","title":{"rendered":"Vision et Valeurs"},"content":{"rendered":"<p style=\"text-align: justify;\"><span style=\"color: #3366ff;\"><strong>La <span style=\"color: #3366ff;\">Responsabilit\u00e9<\/span><\/strong>\u00a0:<\/span> Elle\u00a0 engage\u00a0 chaque\u00a0 collaborateur,\u00a0 \u00e0\u00a0 son\u00a0 niveau,\u00a0 \u00e0\u00a0 se\u00a0 montrer\u00a0 fiable,\u00a0 \u00e0\u00a0 assumer\u00a0 pleinement\u00a0 chaque\u00a0 acte\u00a0 qu\u2019il\u00a0 ex\u00e9cute,\u00a0 et\u00a0 \u00e0\u00a0 contribuer,\u00a0 avec\u00a0 l\u2019appui\u00a0 de toutes\u00a0 les\u00a0 parties prenantes du\u00a0 CHUIR \u00e0\u00a0 la\u00a0 meilleure\u00a0 qualit\u00e9\u00a0 des\u00a0 soins et au bien-\u00eatre du patient, en ayant un comportement \u00e9thique exemplaire.<\/p>\n<p style=\"text-align: justify;\"><span style=\"color: #3366ff;\"><strong>La Qualit\u00e9<\/strong>\u00a0:<\/span> Tous les professionnels travaillant dans les \u00e9tablissements relevant du CHUIR concourent \u00e0 l\u2019am\u00e9lioration des soins globaux, continus, efficients et efficaces et s\u2019engagent dans un processus d\u2019am\u00e9lioration continue de la qualit\u00e9 et la s\u00e9curit\u00e9 des pratiques de soins dans un cadre convivial et humanis\u00e9. Afin d\u2019am\u00e9liorer en continu la qualit\u00e9 des prestations, un suivi r\u00e9gulier des indicateurs est mis en place, afin d\u2019\u00e9valuer le progr\u00e8s accompli.<\/p>\n<p style=\"text-align: justify;\"><span style=\"color: #3366ff;\"><strong>L\u2019Efficience<\/strong>\u00a0:<\/span> Est l\u2019un des indicateurs cl\u00e9s de la mesure de la performance dans la gestion quotidienne de nos h\u00f4pitaux.\u00a0 Elle vise \u00e0 optimiser les ressources disponibles pour atteindre les objectifs fix\u00e9s.<\/p>\n<p style=\"text-align: justify;\"><span style=\"color: #3366ff;\"><strong>La Performance\u00a0:<\/strong> <\/span>Au c\u0153ur de notre pr\u00e9occupation au quotidien, la performance incarne notre raison d\u2019\u00eatre, et ce, dans le souci de l\u2019efficacit\u00e9 et l\u2019efficience par rapport aux moyens disponibles, en vue d\u2019am\u00e9liorer la qualit\u00e9 des prestations de soins et d\u2019atteindre les objectifs fix\u00e9s.<\/p>\n<p style=\"text-align: justify;\"><span style=\"color: #3366ff;\"><strong>L\u2019Excellence\u00a0:<\/strong><\/span> Nous sommes en qu\u00eate d\u2019excellence. Dans ce but, nous cherchons sans arr\u00eat \u00e0 apprendre, \u00e0 am\u00e9liorer nos comp\u00e9tences, nos programmes de soins, dans tous les domaines et de fa\u00e7on continue, notamment par l&#8217;innovation et la cr\u00e9ativit\u00e9, et ce, dans le but d\u2019offrir les meilleurs soins aux patients et de construire la m\u00e9decine de demain.<\/p>\n","protected":false},"excerpt":{"rendered":"<p>La Responsabilit\u00e9\u00a0: Elle\u00a0 engage\u00a0 chaque\u00a0 collaborateur,\u00a0 \u00e0\u00a0 son\u00a0 niveau,\u00a0 \u00e0\u00a0 se\u00a0 montrer\u00a0 fiable,\u00a0 \u00e0\u00a0 assumer\u00a0 pleinement\u00a0 chaque\u00a0 acte\u00a0 qu\u2019il\u00a0 ex\u00e9cute,\u00a0 et\u00a0 \u00e0\u00a0 contribuer,\u00a0 avec\u00a0 l\u2019appui\u00a0 de toutes\u00a0 les\u00a0 parties prenantes du\u00a0 CHUIR \u00e0\u00a0 la\u00a0 meilleure\u00a0 qualit\u00e9\u00a0 des\u00a0 soins et au bien-\u00eatre du patient, en ayant un comportement \u00e9thique exemplaire. La Qualit\u00e9\u00a0: Tous les professionnels travaillant [&hellip;]<\/p>\n","protected":false},"author":1,"featured_media":0,"parent":0,"menu_order":0,"comment_status":"closed","ping_status":"closed","template":"valeurs.php","meta":{"footnotes":""},"class_list":["post-1249","page","type-page","status-publish","hentry"],"new_scheduled_revision":"","save_as_revision":"","_links":{"self":[{"href":"https:\/\/chuibnrochd.ma\/index.php?rest_route=\/wp\/v2\/pages\/1249","targetHints":{"allow":["GET"]}}],"collection":[{"href":"https:\/\/chuibnrochd.ma\/index.php?rest_route=\/wp\/v2\/pages"}],"about":[{"href":"https:\/\/chuibnrochd.ma\/index.php?rest_route=\/wp\/v2\/types\/page"}],"author":[{"embeddable":true,"href":"https:\/\/chuibnrochd.ma\/index.php?rest_route=\/wp\/v2\/users\/1"}],"replies":[{"embeddable":true,"href":"https:\/\/chuibnrochd.ma\/index.php?rest_route=%2Fwp%2Fv2%2Fcomments&post=1249"}],"version-history":[{"count":35,"href":"https:\/\/chuibnrochd.ma\/index.php?rest_route=\/wp\/v2\/pages\/1249\/revisions"}],"predecessor-version":[{"id":2003,"href":"https:\/\/chuibnrochd.ma\/index.php?rest_route=\/wp\/v2\/pages\/1249\/revisions\/2003"}],"wp:attachment":[{"href":"https:\/\/chuibnrochd.ma\/index.php?rest_route=%2Fwp%2Fv2%2Fmedia&parent=1249"}],"curies":[{"name":"wp","href":"https:\/\/api.w.org\/{rel}","templated":true}]}}