{"id":2130,"date":"2020-12-24T11:32:52","date_gmt":"2020-12-24T10:32:52","guid":{"rendered":"http:\/\/server10.servermdz.pro\/chu\/?page_id=2130"},"modified":"2026-04-14T14:53:17","modified_gmt":"2026-04-14T12:53:17","slug":"test-page","status":"publish","type":"page","link":"https:\/\/chuibnrochd.ma\/?page_id=2130","title":{"rendered":"Appel \u00e0 la concurrence\/R\u00e8glement des march\u00e9s"},"content":{"rendered":"<div style=\"font-family: Arial, Helvetica, sans-serif;margin: 0 auto;padding: 20px;max-width: 1200px\"><!-- Onglets --><\/p>\n<div style=\"border-bottom: 2px solid #e9ecef;margin-bottom: 20px\"><button id=\"defaultTab\" style=\"flex: 1;padding: 12px;background: #f1f1f1;color: #333;border: none;font-weight: bold;cursor: pointer\">Appel \u00e0 la concurrence<\/button><br \/><button style=\"flex: 1;padding: 12px;background: #1ba9d6;color: white;border: none;font-weight: bold;cursor: pointer\">R\u00e8glement<\/button><\/div>\n<p><!-- Tableau R\u00e8glement --><\/p>\n<div id=\"reglement\" class=\"tab-content\">\n<div style=\"background: #fff;border-radius: 8px;overflow: hidden\">\n<table style=\"width: 100%;border-collapse: collapse\">\n<thead>\n<tr style=\"background: linear-gradient(to right, #1ba9d6, #0891b2)\">\n<th style=\"color: #fff;padding: 14px 50px 0px 20px;text-align: left;font-weight: 600;font-size: 14px;text-transform: lowercase\">Titre<\/th>\n<th style=\"color: #fff;padding: 14px 700px 0px 14px;text-align: left;font-weight: 600;font-size: 14px\">Description<\/th>\n<th style=\"color: #fff;padding: 16px 20px;text-align: left;font-weight: 600;font-size: 14px\">Pi\u00e9ce Jointe<\/th>\n<\/tr>\n<\/thead>\n<tbody>\n<tr style=\"background-color: #f8f9fa\">\n<td style=\"padding: 14px 20px\">Partie 1<\/td>\n<td style=\"padding: 14px 20px\">R\u00e8glement des marches 1<\/td>\n<td style=\"padding: 14px 20px\"><a href=\"https:\/\/chuibnrochd.ma\/wp-content\/uploads\/2021\/02\/p1.pdf\" target=\"_blank\" style=\"align-items: center;gap: 6px;color: #1ba9d6;text-decoration: none;font-weight: 500;padding: 8px 14px;background-color: #e8f5f9;border-radius: 5px\" rel=\"noopener\">\ud83d\udcc4 T\u00e9l\u00e9charger<\/a><\/td>\n<\/tr>\n<tr style=\"background-color: #fff\">\n<td style=\"padding: 14px 20px\">Partie 2<\/td>\n<td style=\"padding: 14px 20px\">R\u00e8glement des marches 2<\/td>\n<td style=\"padding: 14px 20px\"><a href=\"https:\/\/chuibnrochd.ma\/wp-content\/uploads\/2021\/02\/p2.pdf\" target=\"_blank\" style=\"align-items: center;gap: 6px;color: #1ba9d6;text-decoration: none;font-weight: 500;padding: 8px 14px;background-color: #e8f5f9;border-radius: 5px\" rel=\"noopener\">\ud83d\udcc4 T\u00e9l\u00e9charger<\/a><\/td>\n<\/tr>\n<tr style=\"background-color: #f8f9fa\">\n<td style=\"padding: 14px 20px\">Partie 3<\/td>\n<td style=\"padding: 14px 20px\">R\u00e8glement des marches 3<\/td>\n<td style=\"padding: 14px 20px\"><a href=\"https:\/\/chuibnrochd.ma\/wp-content\/uploads\/2021\/02\/p3.pdf\" target=\"_blank\" style=\"align-items: center;gap: 6px;color: #1ba9d6;text-decoration: none;font-weight: 500;padding: 8px 14px;background-color: #e8f5f9;border-radius: 5px\" rel=\"noopener\">\ud83d\udcc4 T\u00e9l\u00e9charger<\/a><\/td>\n<\/tr>\n<\/tbody>\n<\/table>\n<\/div>\n<\/div>\n<p><!-- Tableau Convention --><\/p>\n<div id=\"convention\" class=\"tab-content\">\n<div style=\"background: #fff;border-radius: 8px;overflow: hidden\">\n<table style=\"width: 100%;border-collapse: collapse\">\n<thead>\n<tr style=\"background: linear-gradient(to right, #1ba9d6, #0891b2)\">\n<th style=\"color: #fff;padding: 14px 150px 0px 20px;text-align: left;font-weight: 600;font-size: 14px\">Num\u00e9ro<\/th>\n<th style=\"color: #fff;padding: 14px 700px 0px 14px;text-align: left;font-weight: 600;font-size: 14px\">Objet<\/th>\n<th style=\"color: #fff;padding: 16px 20px;text-align: left;font-weight: 600;font-size: 14px\">Pi\u00e9ce jointe<\/th>\n<\/tr>\n<\/thead>\n<tbody>\n<tr style=\"background-color: #f8f9fa\">\n<td style=\"padding: 14px 20px\">CV 013\/2025\/CHUIRC<\/td>\n<td style=\"padding: 14px 20px\">Achat des m\u00e9dicaments radioactifs<\/td>\n<td style=\"padding: 14px 20px\"><a href=\"https:\/\/chuibnrochd.ma\/wp-content\/uploads\/2020\/07\/DOSSIER-DE-LA-COONVENTION-CV-013-2025.zip\" target=\"_blank\" style=\"align-items: center;gap: 6px;color: #1ba9d6;text-decoration: none;font-weight: 500;padding: 8px 14px;background-color: #e8f5f9;border-radius: 5px\" rel=\"noopener\">\ud83d\udcc4 T\u00e9l\u00e9charger<\/a><\/td>\n<\/tr>\n<tr style=\"background-color: #f8f9fa\">\n<td style=\"padding: 14px 20px\">CV 011-2025-CHUIRC-R2<\/td>\n<td style=\"padding: 14px 20px\">ASSURANCE DES VEHICULES APPARTENANT AU CENTRE HOSPITALO-UNIVERSITAIRE IBN ROCHD<\/td>\n<td style=\"padding: 14px 20px\"><a href=\"https:\/\/chuibnrochd.ma\/wp-content\/uploads\/2020\/07\/DOSSIER-DE-LA-CONVENTION-N\u00b0-CV-011-2025-CHUIRC-R2.zip\" target=\"_blank\" style=\"align-items: center;gap: 6px;color: #1ba9d6;text-decoration: none;font-weight: 500;padding: 8px 14px;background-color: #e8f5f9;border-radius: 5px\" rel=\"noopener\">\ud83d\udcc4 T\u00e9l\u00e9charger<\/a><\/td>\n<\/tr>\n<tr style=\"background-color: #f8f9fa\">\n<td style=\"padding: 14px 20px\">CV 015\/2025\/CHUIRC<\/td>\n<td style=\"padding: 14px 20px\">ACHAT DE PRODUITS PHARMACEUTIQUES SPECIFIQUES (FONGIBLES D&#8217;OSTEOSYNTHESE) DESTINES A L&#8217;HOPITAL IBN ROCHD DU CENTRE HOSPITALO-UNIVERSITAIRE IBN ROCHD DE CASABLANCA<\/td>\n<td style=\"padding: 14px 20px\"><a href=\"https:\/\/chuibnrochd.ma\/wp-content\/uploads\/2020\/07\/dossier-de-la-convention-N\u00b0-CV015-2025.zip\" target=\"_blank\" style=\"align-items: center;gap: 6px;color: #1ba9d6;text-decoration: none;font-weight: 500;padding: 8px 14px;background-color: #e8f5f9;border-radius: 5px\" rel=\"noopener\">\ud83d\udcc4 T\u00e9l\u00e9charger<\/a><\/td>\n<\/tr>\n<p>&lt;!&#8211; <\/p>\n<tr style=\"background-color: #f8f9fa\">\n<td style=\"padding: 14px 20px\">001<\/td>\n<td style=\"padding: 14px 20px\">test<\/td>\n<td style=\"padding: 14px 20px\"> <a href=\"https:\/\/chuibnrochd.ma\/wp-content\/uploads\/2020\/07\/testttt.zip\" target=\"_blank\" style=\"align-items:center;gap:6px;color:#1ba9d6;text-decoration:none;font-weight:500;padding:8px 14px;background-color:#e8f5f9;border-radius:5px\">\ud83d\udcc4 T\u00e9l\u00e9charger<\/a> <\/td>\n<\/tr>\n<p> &#8211;&gt;<\/tbody>\n<\/table>\n<\/div>\n<\/div>\n<\/div>\n<p>function openTab(evt, tabName) { const contents = document.getElementsByClassName(&#8220;tab-content&#8221;); for (let i = 0; i btn.style.background = &#8220;rgb(178 178 178)&#8221;); evt.currentTarget.style.background = &#8220;#1ba9d6&#8221;; evt.currentTarget.style.color = &#8220;#fff&#8221;; document.getElementById(tabName).style.display = &#8220;block&#8221;; } document.getElementById(&#8220;defaultTab&#8221;).click();<\/p>\n","protected":false},"excerpt":{"rendered":"<p>Appel \u00e0 la concurrenceR\u00e8glement Titre Description Pi\u00e9ce Jointe Partie 1 R\u00e8glement des marches 1 \ud83d\udcc4 T\u00e9l\u00e9charger Partie 2 R\u00e8glement des marches 2 \ud83d\udcc4 T\u00e9l\u00e9charger Partie 3 R\u00e8glement des marches 3 \ud83d\udcc4 T\u00e9l\u00e9charger Num\u00e9ro Objet Pi\u00e9ce jointe CV 013\/2025\/CHUIRC Achat des m\u00e9dicaments radioactifs \ud83d\udcc4 T\u00e9l\u00e9charger CV 011-2025-CHUIRC-R2 ASSURANCE DES VEHICULES APPARTENANT AU CENTRE HOSPITALO-UNIVERSITAIRE IBN ROCHD [&hellip;]<\/p>\n","protected":false},"author":1,"featured_media":0,"parent":0,"menu_order":0,"comment_status":"closed","ping_status":"closed","template":"ConventionReglementMarche.php","meta":{"footnotes":""},"class_list":["post-2130","page","type-page","status-publish","hentry"],"new_scheduled_revision":"","save_as_revision":"","_links":{"self":[{"href":"https:\/\/chuibnrochd.ma\/index.php?rest_route=\/wp\/v2\/pages\/2130","targetHints":{"allow":["GET"]}}],"collection":[{"href":"https:\/\/chuibnrochd.ma\/index.php?rest_route=\/wp\/v2\/pages"}],"about":[{"href":"https:\/\/chuibnrochd.ma\/index.php?rest_route=\/wp\/v2\/types\/page"}],"author":[{"embeddable":true,"href":"https:\/\/chuibnrochd.ma\/index.php?rest_route=\/wp\/v2\/users\/1"}],"replies":[{"embeddable":true,"href":"https:\/\/chuibnrochd.ma\/index.php?rest_route=%2Fwp%2Fv2%2Fcomments&post=2130"}],"version-history":[{"count":63,"href":"https:\/\/chuibnrochd.ma\/index.php?rest_route=\/wp\/v2\/pages\/2130\/revisions"}],"predecessor-version":[{"id":4235,"href":"https:\/\/chuibnrochd.ma\/index.php?rest_route=\/wp\/v2\/pages\/2130\/revisions\/4235"}],"wp:attachment":[{"href":"https:\/\/chuibnrochd.ma\/index.php?rest_route=%2Fwp%2Fv2%2Fmedia&parent=2130"}],"curies":[{"name":"wp","href":"https:\/\/api.w.org\/{rel}","templated":true}]}}